en 293 is divided by 49?
48
Calculate the remainder when 288 is divided by 30.
18
Calculate the remainder when 959 is divided by 30.
29
What is the remainder when 781 is divided by 112?
109
Calculate the remainder when 344 is divided by 32.
24
What is the remainder when 10013 is divided by 8?
5
Calculate the remainder when 12 is divided by 11.
1
Calculate the remainder when 418 is divided by 119.
61
Calculate the remainder when 1972 is divided by 33.
25
What is the remainder when 872 is divided by 147?
137
What is the remainder when 93 is divided by 36?
21
What is the remainder when 3291 is divided by 5?
1
Calculate the remainder when 297 is divided by 153.
144
What is the remainder when 4499 is divided by 50?
49
What is the remainder when 572 is divided by 45?
32
What is the remainder when 438 is divided by 88?
86
Calculate the remainder when 103 is divided by 6.
1
What is the remainder when 780 is divided by 29?
26
Calculate the remainder when 1416 is divided by 470.
6
What is the remainder when 192 is divided by 33?
27
Calculate the remainder when 61 is divided by 11.
6
Calculate the remainder when 437 is divided by 55.
52
What is the remainder when 478 is divided by 55?
38
Calculate the remainder when 23 is divided by 11.
1
What is the remainder when 269 is divided by 252?
17
What is the remainder when 842 is divided by 170?
162
Calculate the remainder when 4912 is divided by 18.
16
Calculate the remainder when 229 is divided by 121.
108
What is the remainder when 1421 is divided by 204?
197
What is the remainder when 158 is divided by 86?
72
What is the remainder when 403 is divided by 101?
100
Calculate the remainder when 964 is divided by 122.
110
Calculate the remainder when 14107 is divided by 9.
4
Calculate the remainder when 2029 is divided by 4.
1
Calculate the remainder when 334 is divided by 41.
6
Calculate the remainder when 33 is divided by 3.
0
What is the remainder when 52 is divided by 8?
4
What is the remainder when 178 is divided by 12?
10
Calculate the remainder when 51 is divided by 31.
20
Calculate the remainder when 707 is divided by 63.
14
What is the remainder when 676 is divided by 356?
320
What is the remainder when 2926 is divided by 326?
318
Calculate the remainder when 41 is divided by 12.
5
What is the remainder when 11856 is divided by 67?
64
Calculate the remainder when 651 is divided by 48.
27
What is the remainder when 1876 is divided by 311?
10
Calculate the remainder when 23 is divided by 22.
1
What is the remainder when 28 is divided by 19?
9
What is the remainder when 315 is divided by 11?
7
What is the remainder when 4309 is divided by 14?
11
What is the remainder when 77 is divided by 9?
5
What is the remainder when 59 is divided by 38?
21
Calculate the remainder when 1054 is divided by 23.
19
What is the remainder when 738 is divided by 37?
35
Calculate the remainder when 502 is divided by 64.
54
Calculate the remainder when 2107 is divided by 62.
61
Calculate the remainder when 99 is divided by 38.
23
Calculate the remainder when 62 is divided by 33.
29
Calculate the remainder when 1731 is divided by 414.
75
Calculate the remainder when 18757 is divided by 7.
4
Calculate the remainder when 306 is divided by 78.
72
What is the remainder when 1174 is divided by 32?
22
Calculate the remainder when 2349 is divided by 14.
11
Calculate the remainder when 163 is divided by 55.
53
Calculate the remainder when 1156 is divided by 96.
4
What is the remainder when 6244 is divided by 2077?
13
Calculate the remainder when 212 is divided by 128.
84
What is the remainder when 706 is divided by 79?
74
Calculate the remainder when 129 is divided by 23.
14
What is the remainder when 261 is divided by 43?
3
What is the remainder when 424 is divided by 61?
58
What is the remainder when 1319 is divided by 24?
23
Calculate the remainder when 178 is divided by 32.
18
Calculate the remainder when 308 is divided by 146.
16
What is the remainder when 213 is divided by 55?
48
Calculate the remainder when 1085 is divided by 302.
179
What is the remainder when 334 is divided by 292?
42
Calculate the remainder when 486 is divided by 181.
124
Calculate the remainder when 1650 is divided by 46.
40
What is the remainder when 451 is divided by 161?
129
What is the remainder when 619 is divided by 211?
197
What is the remainder when 94 is divided by 11?
6
What is the remainder when 716 is divided by 178?
4
What is the remainder when 2211 is divided by 60?
51
What is the remainder when 36 is divided by 7?
1
What is the remainder when 91 is divided by 40?
11
What is the remainder when 955 is divided by 137?
133
Calculate the remainder when 2159 is divided by 54.
53
Calculate the remainder when 1732 is divided by 145.
137
What is the remainder when 302 is divided by 250?
52
What is the remainder when 2310 is divided by 177?
9
What is the remainder when 671 is divided by 328?
15
Calculate the remainder when 58 is divided by 21.
16
What is the remainder when 233 is divided by 121?
112
What is the remainder when 908 is divided by 70?
68
What is the remainder when 411 is divided by 30?
21
Calculate the remainder when 201 is divided by 79.
43
What is the remainder when 312 is divided by 110?
92
Calculate the remainder when 77 is divided by 35.
7
Calculate the remainder when 232 is divided by 80.
72
What is the remainder when 140 is divided by 42?
14
Calculate the remainder when 926 is divided by 317.
292
What is the remainder when 90 is divided by 51?
39
What is the remainder when 404 is divided by 197?
10
What is the remainder when 1770 is divided by 874?
22
What is the remainder when 2905 is divided by 57?
55
What is the remainder when 199 is divided by 40?
39
Calculate the remainder when 26 is divided by 22.
4
Calculate the remainder when 118 is divided by 49.
20
What is the remainder when 388 is divided by 6?
4
Calculate the remainder when 144 is divided by 10.
4
What is the remainder when 83 is divided by 42?
41
Calculate the remainder when 1352 is divided by 371.
239
What is the remainder when 635 is divided by 7?
5
Calculate the remainder when 41 is divided by 6.
5
What is the remainder when 346 is divided by 27?
22
What is the remainder when 35 is divided by 35?
0
What is the remainder when 240 is divided by 82?
76
What is the remainder when 53 is divided by 4?
1
Calculate the remainder when 139 is divided by 34.
3
What is the remainder when 5091 is divided by 18?
15
What is the remainder when 953 is divided by 9?
8
Calculate the remainder when 570 is divided by 99.
75
Calculate the remainder when 208 is divided by 30.
28
What is the remainder when 166 is divided by 45?
31
What is the remainder when 334 is divided by 7?
5
What is the remainder when 2319 is divided by 86?
83
What is the remainder when 358 is divided by 10?
8
What is the remainder when 19035 is divided by 38?
35
What is the remainder when 210 is divided by 38?
20
Calculate the remainder when 344 is divided by 10.
4
What is the remainder when 50110 is divided by 72?
70
Calculate the remainder when 707 is divided by 178.
173
What is the remainder when 356 is divided by 351?
5
What is the remainder when 40 is divided by 27?
13
Calculate the remainder when 27343 is divided by 16.
15
What is the remainder when 113 is divided by 15?
8
Calculate the remainder when 2060 is divided by 13.
6
What is the remainder when 575 is divided by 58?
53
Calculate the remainder when 3875 is divided by 961.
31
Calculate the remainder when 152 is divided by 52.
48
What is the remainder when 153 is divided by 136?
17
Calculate the remainder when 56 is divided by 7.
0
What is the remainder when 304 is divided by 19?
0
Calculate the remainder when 607 is divided by 16.
15
What is the remainder when 1259 is divided by 16?
11
What is the remainder when 457 is divided by 242?
215
Calculate the remainder when 294 is divided by 41.
7
What is the remainder when 1498 is divided by 50?
48
What is the remainder when 306 is divided by 76?
2
What is the remainder when 252 is divided by 43?
37
What is the remainder when 161 is divided by 71?
19
Calculate the remainder when 1908 is divided by 102.
72
Calculate the remainder when 70 is divided by 32.
6
What is the remainder when 229 is divided by 128?
101